 - (1 + 0) - 2. Let u = 6 + o. Let j(q) = 3*q - 7. List the prime factors of j(u).
2
Let l(u) = -4*u + 86 - 86 + u**2. Let g = 9 - 3. What are the prime factors of l(g)?
2, 3
Let n = -252 - -442. What are the prime factors of n?
2, 5, 19
Suppose 0 = -2*v + 5*u + 573, -4*u = -u + 3. List the prime factors of v.
2, 71
Suppose -6*t + t + k = -873, 4*k = 8. Suppose -2*f + t = 3*f. Suppose -4*v + 9 + f = 0. List the prime factors of v.
11
Suppose -252 = -3*f + 4*q, 443 = -f + 6*f + q. What are the prime factors of f?
2, 11
Let c = 146 + -245. Let f be (c/12)/(3/(-8)). Let x = f + -13. List the prime factors of x.
3
Let o = 1 + -4. What are the prime factors of ((-4)/o)/(4/6)?
2
Let k(w) = -w**3 - 3*w**2 + 3*w. Let c be k(-4). Suppose -4*j + 48 = -3*t + 6, -2*t + 32 = c*j. What are the prime factors of j?
3
Let q be (-1 + -5)*2/(-6). Suppose 10 = -2*g + 2*i, 5*i - 24 = 2*g + q*g. List the prime factors of (-66)/(-9) + g/3.
7
Suppose 149 = -4*w + 977. What are the prime factors of w?
3, 23
Suppose -17 = -h + 78. List the prime factors of h.
5, 19
Let g be -18*(4 - (-13)/(-2)). Let b be (1/(-2))/((-2)/(-124)). Let k = g + b. List the prime factors of k.
2, 7
List the prime factors of ((-35)/(-28))/((-1)/(-28)).
5, 7
Let g = 1 + 1. What are the prime factors of 51/g*20/15?
2, 17
Let t(z) = 5*z**2 - 3*z - 4. Let c(f) = 4*f**2 - 3*f - 3. Let k(q) = -6*c(q) + 5*t(q). Let d be k(-6). Let m = d - 8. What are the prime factors of m?
2
Let p be 60/16 + 2/8. Suppose 4*l = 4*n + 116, -109 = -p*l - 4*n + n. What are the prime factors of l?
2, 7
Let b(q) be the third derivative of q**5/20 - q**4/6 + q**3/3 - q**2. Let w be b(2). Let y = 22 - w. What are the prime factors of y?
2
Let o be (-73)/(-15) + (-8)/(-60). Let j(m) = m**3 - 4*m**2 - 2*m + 7. List the prime factors of j(o).
2, 11
Let s be ((-6)/(-4) + 3)*2. Suppose -y = f - 21, -4*f = -s + 29. What are the prime factors of y?
2, 13
Let c = 8 + -5. Let s be c/2 - 2/(-4). List the prime factors of (s/3)/((-2)/(-21)).
7
Let o(a) = a**3 - 4*a**2 + 2*a + 9. List the prime factors of o(8).
281
Let n be (-212)/18 - 4/18. Let f be (1 - 0)/((-2)/n). Suppose -g = -1 - f. What are the prime factors of g?
7
Let l(n) = -n**2 + 6*n + 2. Let v be l(5). Suppose 0 = r - 0 - v. Let a(y) = y**3 - 6*y**2 - 5*y - 9. List the prime factors of a(r).
5
Let u(m) = m - 3. Let d be u(5). Suppose -10 = -2*n - 3*t - 5, -3*n + 40 = -d*t. List the prime factors of n.
2, 5
Suppose 2*t - 2*m + 10 = 0, 5*t - 3*m + 5*m - 10 = 0. Suppose t = 3*c - 9. Suppose -c*o - 32 = -5*o. List the prime factors of o.
2
Let z = 14 + 11. List the prime factors of z.
5
Suppose -4*g = -2 - 10. Suppose -g*k + k + 20 = 0. Let f = k + -2. What are the prime factors of f?
2
Suppose 4*k + 124 - 28 = 0. Let p = 31 + k. List the prime factors of p.
7
Let f be (4 + -8)/((-2)/(-36)). What are the prime factors of (-344)/f + (-4)/(-18)?
5
Let h = 62 + -27. What are the prime factors of h?
5, 7
Let m be 2/(-3) + 1150/15. Suppose m = 8*h - 4*h. Let j = -11 + h. What are the prime factors of j?
2
Suppose 4*h + 4*d - 7 - 1 = 0, -26 = -5*h - d. What are the prime factors of h/10 - (-291)/15?
2, 5
Let z(a) = -a**2 + a + 2. Let q be z(0). Let o be q/(-3) + (-12)/(-18). Suppose x - b + 2 = 14, o = -4*b. List the prime factors of x.
2, 3
Let h = -1 - -4. Suppose -2*t + 18 = 4*j, -h*j = -5*t - 4 - 3. Suppose -t = q - 6. What are the prime factors of q?
5
Let p(x) = x - 2. Let c be -1 - 1/((-2)/8). Suppose m + 26 = 5*m - 5*o, -c*m = -2*o - 16. What are the prime factors of p(m)?
2
Let r be ((-5)/10)/(1/2). Let y(n) be the second derivative of -3*n**3/2 - n. List the prime factors of y(r).
3
Let x be 15/3 - 1/1. Suppose 0*g - g = -h - 8, g - 29 = x*h. Let a = h - -10. List the prime factors of a.
3
Suppose -b + 26 = -2*b. What are the prime factors of 4/b - 396/(-39)?
2, 5
What are the prime factors of 127 + (-3 - (-5 + 0))?
3, 43
Let q be (6 + -1)/(2 - 1). Suppose c + s = -3*c + 1624, 0 = 5*c + 3*s - 2037. What are the prime factors of (-1)/q - c/(-25)?
2
Let o(a) = -15*a - 1. Let z be o(-1). Suppose -5*g + 22 = -13. List the prime factors of 2/g + 38/z.
3
Suppose 159 = l + 5*h - 91, l - h = 220. Suppose -2*m - 3*m = -l. Suppose -27 - m = -4*d. List the prime factors of d.
2, 3
Let u be (1 - 2)/1*0. Suppose -i = -5, -4*y + 56 = -0*y + 4*i. Suppose -m + 2*m - y = u. List the prime factors of m.
3
Let h(m) = -16*m - 15. List the prime factors of h(-7).
97
Let a be 1/(-1*2/(-4)). List the prime factors of 3 + a + (0 - 1).
2
Let b = 63 + -38. Suppose 7*p = 5*s + 4*p - 32, 3*s - b = -4*p. What are the prime factors of s?
7
Let z be (-3)/(-6) + (-19)/(-2). What are the prime factors of (15/z)/(2/24)?
2, 3
Suppose -5*x + 3*x = 0. Suppose -2*o - o = x. Suppose -4*k + o*k = -44. What are the prime factors of k?
11
Let d = 55 - 39. What are the prime factors of d?
2
Let n be 6 + -7 - (-4 - 0). What are the prime factors of (-1 - -52)*1/n?
17
Let w = 7 + -5. Let q be -1*w*(-33)/(-6). What are the prime factors of (q + -1)*(2 - 3)?
2, 3
Let c(g) = -g**3 + 8*g**2 + 2*g - 6. Let h be c(7). Suppose 5*m = -3*r + h, 2*r = 5*m - 17 - 20. What are the prime factors of m?
3
Let x(f) = -f**2 + 1. Let c(i) = 4*i**2 - 12*i - 13. Let o(r) = c(r) + 5*x(r). Let a be o(-11). Suppose a*y + 20 = 5*y. List the prime factors of y.
2, 5
Suppose 4*b + w + 2 = 12, -3*w = 5*b - 9. Suppose -20 = b*t - 5*t. List the prime factors of t.
2, 5
Let t = -74 - -86. List the prime factors of t.
2, 3
Let m be 1/4 - 18/8. Let s(v) = 3*v - v**2 - 3*v**2 + 10*v**2. What are the prime factors of s(m)?
2, 3
Let k = -5 + -3. List the prime factors of ((-58)/k)/(4/16).
29
Suppose -b - 22 = -3*b. Let i = b + -6. Let z(a) = 2*a**2 - 6*a - 7. What are the prime factors of z(i)?
13
Suppose v - 3*v - 2*c = -24, 5*v - 2*c - 46 = 0. List the prime factors of v.
2, 5
Suppose -3*q = -0*q - 12. Suppose -3*b + 2*n = 14, q*b - 13 + 70 = -5*n. Let t = -5 - b. What are the prime factors of t?
3
Let y = -14 - -23. Let w = 0 + y. List the prime factors of w.
3
Let d be 4/(-6)*15/(-2). Suppose -5*j - 160 = -d*l, 3*j - 8 = l - 110. List the prime factors of j/(-10)*(2 + 0).
7
Let x = 8 + -9. Let y = x + 17. List the prime factors of y.
2
Let q(h) = h**2 + 8*h - 11. Let x be q(-9). Let j be (-16)/(-12)*(-3)/x. Suppose d - 30 = -j*d. What are the prime factors of d?
2, 5
Suppose -6 = -2*r - 2. Let s(a) = 6*a - 3 - 3*a + 5 + a. What are the prime factors of s(r)?
2, 5
Let q(c) = -c**3 + 4*c**2 + 3*c + 6. Let x be q(5). Let n = -4 - x. Suppose -b = n, 2*g - 3*g = 2*b - 11. List the prime factors of g.
11
Let z = 10 + -16. Let a = z + 8. Suppose -h - a = -24. List the prime factors of h.
2, 11
Suppose -15 = -2*d + 3*x - 0, 4*x = -12. Suppose -l - d*s = 3, -4*s + 9*s + 37 = l. List the prime factors of l.
2, 3
Let g(p) = -p - 4. What are the prime factors of g(-11)?
7
Suppose 7*t - 1244 - 751 = 0. List the prime factors of t.
3, 5, 19
Let r be 2/10 - (-1482)/(-10). Let f = -101 - r. What are the prime factors of f/9 + (-4)/18?
5
Suppose 0 = -4*j - 0*j + 288. Suppose -4*q + 2*n + 94 = 0, -5*q + 3*n + j = -2*q. What are the prime factors of q?
23
Suppose -6 = 3*v, -112 = -3*z + 2*v + 48. What are the prime factors of z?
2, 13
Suppose -4*k - 4*a + 164 = 0, 3*a + 30 = 5*k - 215. What are the prime factors of k?
2, 23
Let u = 6 + -8. Let d be (8 + -3)*(u + 3). Suppose -d*a + 29 + 41 = 0. What are the prime factors of a?
2, 7
Let u be -1 + 4 + -2 - 26. What are the prime factors of (-38)/(-5) + (-10)/u?
2
Suppose 0 = -m - 3*m. Let l = 1 - m. Let d = l - -3. List the prime factors of d.
2
Suppose -l + 0*l + 3 = 0. Let c(p) = p**3 + 10*p**2 - 13*p - 9. Let w be c(-11). Suppose -4*o - 1 = -l*o, f - 2*o = w. What are the prime factors of f?
11
Suppose 0 = -4*f + 43 + 29. Suppose 5*k = 88 - f. What are the prime factors of k?
2, 7
Let b = -11 - -15. Let s(w) = -3 - b - 3*w + 5*w. List the prime factors of s(5).
3
Let f(x) = -x**2 + 6*x + 2. Let m = -6 + 9. Suppose 4*o + 4*v = 3*o + 15, o = 2*v - m. What are the prime factors of f(o)?
11
List the prime factors of (1 - -95)*5/10.
2, 3
Let b(q) = -q**2 + 4*q - 1. Let w be b(2). Suppose 7*g - 5*g + w*c = 15, 2*c - 10 = 0. Suppose -3*h + 8*h - 65 = g. What are the prime factors of h?
13
Suppose -2 = m - 48. List th